Calculate the remainder when 4163 is divided by 434.
257
Calculate the remainder when 77464212 is divided by 173.
2
Calculate the remainder when 253036 is divided by 986.
620
What is the remainder when 31029 is divided by 3841?
301
Calculate the remainder when 2008174 is divided by 286881.
7
Calculate the remainder when 107656831 is divided by 289.
285
What is the remainder when 2303236 is divided by 411?
403
What is the remainder when 573908 is divided by 407?
38
Calculate the remainder when 3340111 is divided by 158.
149
Calculate the remainder when 429008 is divided by 142997.
17
What is the remainder when 1444702 is divided by 198?
94
Calculate the remainder when 14423 is divided by 624.
71
What is the remainder when 222100 is divided by 892?
884
What is the remainder when 625697 is divided by 587?
542
Calculate the remainder when 15029370 is divided by 29297.
9
What is the remainder when 217123 is divided by 2976?
2851
What is the remainder when 7244 is divided by 2904?
1436
What is the remainder when 7176466 is divided by 982?
10
What is the remainder when 1563707 is divided by 91876?
1815
Calculate the remainder when 5637100 is divided by 1127415.
25
Calculate the remainder when 214413 is divided by 21439.
23
Calculate the remainder when 291669 is divided by 3242.
3131
Calculate the remainder when 113393775 is divided by 24070.
5
Calculate the remainder when 218976 is divided by 206.
204
What is the remainder when 733630 is divided by 203?
191
Calculate the remainder when 3109245 is divided by 250.
245
Calculate the remainder when 1002039 is divided by 328.
327
What is the remainder when 13631 is divided by 3130?
1111
What is the remainder when 72379 is divided by 446?
127
What is the remainder when 721264 is divided by 205?
74
Calculate the remainder when 8728567 is divided by 9.
7
What is the remainder when 42743888 is divided by 1337?
1335
What is the remainder when 13933709 is divided by 106?
9
What is the remainder when 1390748 is divided by 792?
788
What is the remainder when 275472815 is divided by 22?
13
Calculate the remainder when 125679 is divided by 1030.
19
Calculate the remainder when 43384 is divided by 17.
0
Calculate the remainder when 12328088 is divided by 1240.
8
What is the remainder when 986312 is divided by 140?
12
Calculate the remainder when 2679594 is divided by 675.
519
Calculate the remainder when 15231896 is divided by 293.
291
Calculate the remainder when 1462065 is divided by 1111.
1100
Calculate the remainder when 317609135 is divided by 421.
420
Calculate the remainder when 105189129 is divided by 2686.
2683
What is the remainder when 935542 is divided by 37?
34
Calculate the remainder when 889165 is divided by 494.
459
Calculate the remainder when 910496 is divided by 317.
72
Calculate the remainder when 7610149 is divided by 185613.
16
What is the remainder when 11094362 is divided by 244?
170
What is the remainder when 4080787 is divided by 2316?
2311
What is the remainder when 9940794 is divided by 13?
6
What is the remainder when 249411 is divided by 13125?
36
Calculate the remainder when 1123656 is divided by 1128.
168
What is the remainder when 436431942 is divided by 4966?
4964
What is the remainder when 15018168 is divided by 10168?
32
What is the remainder when 5070 is divided by 152?
54
Calculate the remainder when 65142 is divided by 32165.
812
Calculate the remainder when 1828099 is divided by 229.
221
What is the remainder when 10196 is divided by 83?
70
What is the remainder when 557342 is divided by 278?
230
Calculate the remainder when 926536 is divided by 33088.
72
What is the remainder when 93305007 is divided by 8029?
8027
What is the remainder when 115865 is divided by 5265?
35
What is the remainder when 17935382 is divided by 1563?
1520
What is the remainder when 3591263 is divided by 14?
11
Calculate the remainder when 307567 is divided by 23.
11
What is the remainder when 22663095 is divided by 3357?
3345
What is the remainder when 3945658 is divided by 7?
3
Calculate the remainder when 1981914 is divided by 48.
42
Calculate the remainder when 750385 is divided by 16675.
10
What is the remainder when 43836 is divided by 79?
70
What is the remainder when 1153108 is divided by 1456?
1412
What is the remainder when 104974199 is divided by 25?
24
Calculate the remainder when 27425829 is divided by 28.
25
Calculate the remainder when 4188877 is divided by 119682.
7
What is the remainder when 1699494 is divided by 1439?
35
What is the remainder when 264768 is divided by 1048?
672
Calculate the remainder when 517938 is divided by 2754.
186
What is the remainder when 51970 is divided by 5269?
4549
What is the remainder when 2861490 is divided by 396?
390
Calculate the remainder when 15296890 is divided by 7648444.
2
What is the remainder when 627359 is divided by 279?
167
What is the remainder when 6464483 is divided by 2154822?
17
Calculate the remainder when 3089831 is divided by 93.
92
Calculate the remainder when 37898 is divided by 9450.
98
What is the remainder when 174751 is divided by 3359?
83
Calculate the remainder when 1299494 is divided by 77.
42
Calculate the remainder when 6962854 is divided by 42.
10
What is the remainder when 373592 is divided by 207?
164
Calculate the remainder when 631862 is divided by 3951.
3653
Calculate the remainder when 110748 is divided by 1242.
210
Calculate the remainder when 8783131 is divided by 731925.
31
What is the remainder when 424808 is divided by 4332?
272
Calculate the remainder when 3486539 is divided by 6386.
6169
Calculate the remainder when 91894 is divided by 281.
7
What is the remainder when 484328 is divided by 32268?
308
Calculate the remainder when 62912 is divided by 12123.
2297
Calculate the remainder when 138185 is divided by 4125.
2060
Calculate the remainder when 93622 is divided by 46761.
100
What is the remainder when 9885888 is divided by 72?
0
What is the remainder when 160501 is divided by 8028?
7969
Calculate the remainder when 392119 is divided by 391634.
485
Calculate the remainder when 729151 is divided by 729115.
36
Calculate the remainder when 3681815 is divided by 283216.
7
Calculate the remainder when 10977422 is divided by 5488708.
6
Calculate the remainder when 2322081 is divided by 20548.
157
What is the remainder when 1915240 is divided by 6323?
5694
Calculate the remainder when 25074899 is divided by 75.
74
What is the remainder when 43553936 is divided by 1893647?
55
Calculate the remainder when 30367055 is divided by 3024.
47
Calculate the remainder when 1913734 is divided by 154.
130
What is the remainder when 61356938 is divided by 14543?
21
What is the remainder when 2616043 is divided by 1308009?
25
What is the remainder when 45839382 is divided by 152?
134
Calculate the remainder when 6994897 is divided by 60825.
22
Calculate the remainder when 114317 is divided by 56942.
433
What is the remainder when 261272999 is divided by 2040?
2039
Calculate the remainder when 1910345 is divided by 237.
125
What is the remainder when 97176174 is divided by 25?
24
What is the remainder when 661275 is divided by 177?
3
What is the remainder when 22055 is divided by 4219?
960
Calculate the remainder when 8725 is divided by 2154.
109
What is the remainder when 166889 is divided by 166830?
59
Calculate the remainder when 1456332 is divided by 2319.
0
What is the remainder when 83133457 is divided by 5406?
5395
Calculate the remainder when 195272 is divided by 48810.
32
What is the remainder when 31097580 is divided by 67?
66
Calculate the remainder when 2533444 is divided by 2533393.
51
Calculate the remainder when 19606 is divided by 6142.
1180
Calculate the remainder when 94111 is divided by 679.
409
What is the remainder when 18100262 is divided by 5371?
5363
Calculate the remainder when 5306 is divided by 811.
440
Calculate the remainder when 205528 is divided by 17.
15
What is the remainder when 74859 is divided by 74505?
354
What is the remainder when 264378 is divided by 7145?
13
Calculate the remainder when 1990336 is divided by 221147.
13
What is the remainder when 790571 is divided by 5270?
71
What is the remainder when 32051 is divided by 1917?
1379
Calculate the remainder when 1282458 is divided by